 8 = 0. What is the remainder when d(t) is divided by 12?
10
Let a be 6/(-2) - 12/6. What is the remainder when (-1)/a + (-42)/(-15) is divided by 3?
0
Let l(n) = 8*n**2 - 2*n. Calculate the remainder when l(-2) is divided by 10.
6
Let m = -4 - -1. Let i = 6 - m. What is the remainder when 26 is divided by i?
8
Let s(f) be the third derivative of -f**6/120 - f**5/60 + f**4/8 - 2*f**3/3 + 2*f**2. Calculate the remainder when s(-4) is divided by (-1)/(((-6)/(-22))/(-3)).
10
Let s = -16 - -39. What is the remainder when s is divided by 14?
9
Suppose -5*j + 45 = 5*n, -4*n + j - 4*j + 41 = 0. Let f = n + -10. What is the remainder when f is divided by 3?
1
Suppose 0*z = 5*z - 5*j - 95, 3*z = -4*j + 29. Let t(y) be the second derivative of 7*y**4/12 + y**3/6 - 9*y. What is the remainder when z is divided by t(-1)?
3
Let l(p) = -p**3 - 4*p**2 + 2*p + 4. Suppose 0 = -2*c - 6, 4 = m - 0*c - 3*c. What is the remainder when l(m) is divided by (4/12)/(2/42)?
5
Let j = 27 + -16. Suppose -b - 5 = -j. What is the remainder when 8 is divided by b?
2
Let h(z) = z - 3. Let c be h(6). Suppose -290 = -2*i - c*i. Calculate the remainder when i is divided by 6*4 - 20/5.
18
Suppose -34*f = -31*f - 42. What is the remainder when 54 is divided by f?
12
Let a(n) = -2*n**3 - 6*n**2 - 4*n + 1. Let g = 4 - 8. What is the remainder when a(g) is divided by 17?
15
Let d = -33 + 72. Calculate the remainder when d is divided by 14.
11
Let q = 58 - 19. Suppose 5*h - q = 36. What is the remainder when 59 is divided by h?
14
Let q(c) = 2 + 7*c + 0*c**2 - c**2 - 8*c. What is the remainder when 3 is divided by q(0)?
1
Let i = 425 - 384. What is the remainder when i is divided by (-57)/(-5) - (-2)/(-5)?
8
Let h = -56 - -134. Let f = -43 + h. Calculate the remainder when f is divided by 12.
11
Suppose -49 = -5*u - k + 3*k, -24 = -3*u + 3*k. Calculate the remainder when 31 is divided by u.
9
Let m(b) = 10*b**3 + 2*b - 1. Let y = -17 + 9. Let a be (4/(-6))/(y/12). What is the remainder when m(a) is divided by 4?
3
Let s(d) = d**2 - 19*d + 10. Let b be s(8). Let x = -44 - b. Calculate the remainder when x is divided by 12.
10
Let s(r) be the second derivative of r**4/2 + r**3/3 + r**2/2 + 2*r. Let z be s(4). Suppose -4*f + z = -f. What is the remainder when f is divided by 12?
11
Let d(z) = 3*z + 8. Calculate the remainder when d(6) is divided by 9.
8
Suppose 0 = 2*m - 4*m + 130. Suppose 5*t - 43 = p + 74, -2*p + m = 3*t. What is the remainder when t is divided by 12?
11
Suppose 0*w - 48 = -2*t - 3*w, 0 = 3*t - 5*w - 110. Let z = t + 17. What is the remainder when z is divided by 12?
11
Let i(t) be the third derivative of 5*t**4/24 - t**3 - t**2. What is the remainder when i(6) is divided by 7?
3
Suppose -3*n + 5*s + 60 = 0, 0*n + s - 40 = -2*n. Calculate the remainder when 56 is divided by n.
16
Let q(f) = -f**3 + 6*f**2 + 2*f + 2. Let l be q(4). Let n = 71 - l. What is the remainder when n is divided by 16?
13
Suppose 0*a + 3*a - 12 = 0. Suppose a*q + 5*t - 16 - 33 = 0, -5*t = -2*q - 13. What is the remainder when 10 is divided by q?
4
Suppose -3*b - 36 = -0*b. Let r(s) = -s**3 - 12*s**2 - s - 10. Let q be r(b). Suppose -17 = q*t - 103. Calculate the remainder when t is divided by 22.
21
Suppose 0 = 62*v - 58*v - 36. Calculate the remainder when v is divided by 5.
4
Let k = -12 - -11. Let z(d) = 20*d**2 + 2*d + 1. What is the remainder when 55 is divided by z(k)?
17
Let t(c) = c**3 + 8*c**2 + 5*c - 5. Suppose 4 = b - 1. Suppose -2*j + 34 = 4*u, -35 = -5*u - 0*u - b*j. What is the remainder when t(-6) is divided by u?
7
Let c = 4 + 10. Let z = -4 + c. Suppose -z - 18 = -2*s. What is the remainder when 25 is divided by s?
11
Suppose 4*b = -0*y + y + 9, -5*b + 3 = -4*y. What is the remainder when 36 is divided by b?
0
Let q be 4/(-2) + 1 + 3. Let t = -79 + 119. Suppose -t = -q*a - 2*a. What is the remainder when 29 is divided by a?
9
Let x(h) = 7*h**2 + h - 2. Calculate the remainder when x(4) is divided by 29.
27
Let o = -87 + 130. Calculate the remainder when o is divided by 5.
3
Let j(f) = -9*f - 1. Suppose 0 = 2*n + n + 3. Calculate the remainder when (-23*1)/(1/(-1)) is divided by j(n).
7
Let i = -8 - -13. Let t = -1 + i. Suppose 15 = t*n - n. What is the remainder when n is divided by 3?
2
Suppose -15*v + 14*v + 12 = 0. Calculate the remainder when 33 is divided by v.
9
Let h = 5 + 0. Suppose 5*k = 10, -5*k - 12 - 3 = -h*d. What is the remainder when d is divided by 2?
1
Let h = 86 - -18. What is the remainder when 25 is divided by h/4*(-2)/(-4)?
12
What is the remainder when 27 is divided by ((-120)/(-16))/(2/4)?
12
Suppose 0 = -3*g + 5*u + 29, 0 = 4*g - u - 26 - 7. What is the remainder when g is divided by 5?
3
Let v = -1 + 7. Let j = v + -2. Calculate the remainder when 9 is divided by j.
1
Let k(l) = -l**2 + 12*l + 3. What is the remainder when 74 is divided by k(7)?
36
Let j = 21 - 7. Suppose 0 = -2*v + v. Calculate the remainder when j is divided by v + 2/(-2) + 9.
6
Let j = -2 - -2. Suppose -3*h + 1 = -2*s + 35, 5*s - 3*h - 76 = j. Calculate the remainder when (-81)/(-2) + (-2)/(-4) is divided by s.
13
Suppose 7*g - 8 - 398 = 0. Calculate the remainder when g is divided by 12.
10
Let t = 352 + -133. What is the remainder when t is divided by 20?
19
Let k be 38/(-2) + 6/(-3). What is the remainder when -57*(k/9 + 2) is divided by 7?
5
Suppose 4*c - c = 0. Suppose -3*n + 12 = c, 0 = k + k + 5*n - 38. What is the remainder when k is divided by 7?
2
Let v(x) = x**3 - 6*x**2 + 4*x + 1. Let n be v(4). Let y = n - -32. Calculate the remainder when 49 is divided by y.
15
Let g be 2/6 + (-22)/(-6). Suppose -6 = 3*a - 6*a, 0 = g*i + 4*a + 24. Let d = i - -15. What is the remainder when 19 is divided by d?
5
Let x = -4 + 12. Suppose -4*g + x*g = 40. Suppose -194 = -4*m - 78. What is the remainder when m is divided by g?
9
Suppose -2*j + 4*m + 4 = 0, 4*j + 3*m = -3 - 0. Suppose -4*l = 4*h - 8, -4*h + 3*l + 36 = -j*l. Calculate the remainder when h is divided by 4.
2
Let l(x) = -x**3 + 5*x**2 - x + 10. What is the remainder when 17 is divided by l(5)?
2
Let w(t) = -2*t**2 + 2*t + 1. Let o be w(2). Let d = 0 - o. Suppose y - d*i = -5*i - 3, 5*y = -5*i + 5. What is the remainder when 13 is divided by y?
3
Suppose 3*b - 31 = -r - b, 2*b = -5*r + 245. Suppose m + r = 4*m. Calculate the remainder when m is divided by 9.
8
What is the remainder when 30/(8/4*1) is divided by 5?
0
Let t(x) = -x**2 - x + 8. Let z be t(0). Let m = z + 6. Calculate the remainder when 40 is divided by m.
12
Let i(a) = a**3 - a**2 - 3*a - 3. Let l = -1 - -1. Calculate the remainder when i(4) is divided by (l + -2)*34/(-4).
16
Calculate the remainder when 33 is divided by ((-140)/30)/(4/(-6)).
5
Let m(l) = -l**3 + 2*l**2 + 2*l + 5. Let u(w) = -w**3 + 3*w**2 + 1. What is the remainder when u(2) is divided by m(3)?
1
Let d = 1 - 3. Let z(y) = -6*y**3 + y**2 + y - 1. What is the remainder when z(d) is divided by 17?
15
Let k(y) = 11*y**2 - 5*y + 2. Suppose 4*i - 3 = 9. Let u be k(i). Suppose -3*r + 61 = -u. Calculate the remainder when r is divided by 17.
15
Let t = 193 - 177. What is the remainder when 125 is divided by t?
13
Suppose 2*l - 4 = 0, 3*p - l + 8 = 5*p. Let h be p*((-16)/(-3))/4. Calculate the remainder when h/(-14) - (-200)/14 is divided by 8.
6
Let t = 7 - 10. Let l = 27 - t. Suppose -l = -2*u - u. Calculate the remainder when u is divided by 4.
2
Suppose 0 = -5*i + v - 2*v + 32, -5*i + 3*v = -44. What is the remainder when 12 is divided by i?
5
Suppose 2*r - 7*r - 35 = 0. What is the remainder when 26 is divided by 2/r + (-51)/(-7)?
5
Suppose 47 = 2*r + g, 190 - 65 = 5*r + 5*g. Calculate the remainder when r is divided by 5.
2
Let r = -90 - -105. What is the remainder when 24 is divided by r?
9
Suppose -4*o + 0*r - r + 107 = 0, 0 = -2*o + 5*r + 37. Let x(z) = 2*z - 7. What is the remainder when o is divided by x(7)?
5
Let t(c) = -c**2 - 9*c + 1. Let w be (-7 - -3 - 4)*1. Calculate the remainder when 34 is divided by t(w).
7
Let h = -1 + 3. Calculate the remainder when 27 is divided by -1 + (-2)/h - -17.
12
Let a(n) = 3 - 3 + 7*n**2 + n**3 + 2. Let f be a(-7). Suppose -9 = -5*t - 3*y - f, -t + 3*y = -5. Calculate the remainder when t is divided by 2.
0
Let c = 87 + -9. Suppose -f + 4*f = c. What is t